{"id":35,"date":"2025-03-14T23:08:44","date_gmt":"2025-03-14T22:08:44","guid":{"rendered":"https:\/\/emmamontlaur.fr\/?page_id=35"},"modified":"2025-04-17T22:39:51","modified_gmt":"2025-04-17T20:39:51","slug":"tarifs-et-conditions","status":"publish","type":"page","link":"https:\/\/emmamontlaur.fr\/index.php\/tarifs-et-conditions\/","title":{"rendered":"Tarifs"},"content":{"rendered":"\n<p><\/p>\n\n\n\n<figure class=\"wp-block-table\"><table class=\"has-fixed-layout\"><tbody><tr><td>Public<\/td><td>Dur\u00e9e<\/td><td>Tarif<\/td><\/tr><tr><td>Premi\u00e8re rencontre<\/td><td>60 minutes<\/td><td>60 \u20ac<\/td><\/tr><tr><td>Entretien individuel<\/td><td>45 minutes<\/td><td>50 \u20ac<\/td><\/tr><tr><td>Guidance parental<\/td><td>60 minutes<\/td><td>60\u20ac<\/td><\/tr><tr><td>Bilans (passation, r\u00e9daction compte-rendu, restitution)<\/td><td>variable en fonction des tests effectu\u00e9s<br>de 1h \u00e0 3h<\/td><td>variable en fonction des tests effectu\u00e9s<br>de 250\u20ac \u00e0 350\u20ac<\/td><\/tr><\/tbody><\/table><\/figure>\n\n\n\n<p>Paiement par ch\u00e8que ou esp\u00e8ces uniquement<\/p>\n","protected":false},"excerpt":{"rendered":"<p>Public Dur\u00e9e Tarif Premi\u00e8re rencontre 60 minutes 60 \u20ac Entretien individuel 45 minutes 50 \u20ac Guidance parental 60 minutes 60\u20ac Bilans (passation, r\u00e9daction compte-rendu, restitution) variable en fonction des tests effectu\u00e9sde 1h \u00e0 3h variable en fonction des tests effectu\u00e9sde 250\u20ac \u00e0 350\u20ac Paiement par ch\u00e8que ou esp\u00e8ces uniquement<\/p>\n","protected":false},"author":1,"featured_media":0,"parent":0,"menu_order":0,"comment_status":"closed","ping_status":"closed","template":"","meta":{"footnotes":""},"class_list":["post-35","page","type-page","status-publish","hentry"],"_links":{"self":[{"href":"https:\/\/emmamontlaur.fr\/index.php\/wp-json\/wp\/v2\/pages\/35","targetHints":{"allow":["GET"]}}],"collection":[{"href":"https:\/\/emmamontlaur.fr\/index.php\/wp-json\/wp\/v2\/pages"}],"about":[{"href":"https:\/\/emmamontlaur.fr\/index.php\/wp-json\/wp\/v2\/types\/page"}],"author":[{"embeddable":true,"href":"https:\/\/emmamontlaur.fr\/index.php\/wp-json\/wp\/v2\/users\/1"}],"replies":[{"embeddable":true,"href":"https:\/\/emmamontlaur.fr\/index.php\/wp-json\/wp\/v2\/comments?post=35"}],"version-history":[{"count":5,"href":"https:\/\/emmamontlaur.fr\/index.php\/wp-json\/wp\/v2\/pages\/35\/revisions"}],"predecessor-version":[{"id":78,"href":"https:\/\/emmamontlaur.fr\/index.php\/wp-json\/wp\/v2\/pages\/35\/revisions\/78"}],"wp:attachment":[{"href":"https:\/\/emmamontlaur.fr\/index.php\/wp-json\/wp\/v2\/media?parent=35"}],"curies":[{"name":"wp","href":"https:\/\/api.w.org\/{rel}","templated":true}]}}